t o = 0 + k. Suppose o*m - 1 = 3*a + 47, 2*m + a - 24 = 0. List the prime factors of m.
2, 3
Suppose -2*z + 3*c = -0*c - 11, 0 = -3*z + 3*c + 15. Suppose 4*o - 3*r = 76 + 17, r - 97 = -z*o. List the prime factors of o.
2, 3
Let u = -4 + 6. Let t = 20 - 18. Let p = t + u. What are the prime factors of p?
2
Suppose 3*c - 4*c + 26 = 0. List the prime factors of c.
2, 13
Let x be 57/(-9) + (-2)/3. Suppose -3*b + 0*t + t - 2 = 0, -2*t - 2 = 0. Let r = b - x. List the prime factors of r.
2, 3
Let r = 39 - 26. What are the prime factors of r?
13
Let p(n) = n - 1. Let s(r) = r - 2. Suppose -l = -0*l + 3. Let y(b) = l*s(b) + 4*p(b). What are the prime factors of y(8)?
2, 5
Let n = 83 + -14. Suppose -2*r + 2*o + 6 = -40, -3*r + n = 4*o. What are the prime factors of r?
23
Let j = -34 - -94. List the prime factors of j.
2, 3, 5
Suppose -2*n = -35 - 73. List the prime factors of n.
2, 3
Let r(w) = -4*w - 1. Let i be r(1). Let f(m) = -m**3 - 3*m**2 + 4*m - 2. List the prime factors of f(i).
2, 7
Let t = 44 + 3. List the prime factors of t.
47
Let o(d) = -6 - d + 3 + 4*d. List the prime factors of o(5).
2, 3
Let g be -3 - -4 - 23/(-1). Let a = -12 + g. Suppose -2*z = -a + 2. List the prime factors of z.
5
Let w = 25 + -45. List the prime factors of (0 - 48/w)*15.
2, 3
Let m be (-16)/(-6) - (-3)/9. Let p be 7*1/m*3. Suppose -2*b + b = -p. List the prime factors of b.
7
Let r(f) = f + 30. Let t be r(0). Suppose -3*d + 0*d = 3*c - 72, c + 4*d - t = 0. Let y = c - 13. List the prime factors of y.
3
Let w(u) = -u**3 - 5*u**2 + 11*u + 11. What are the prime factors of w(-8)?
5, 23
Let u be 1 + (-7)/(28/276). Let i = -21 - u. List the prime factors of i.
47
Let g be 3/(-2)*32/(-6). Let m be ((-4)/g)/(2/48). List the prime factors of (-2)/(-8) + (-81)/m.
7
List the prime factors of (-35)/7*12/(-10).
2, 3
Suppose 0 = 3*b - 0*u - 3*u - 537, 4*b - u = 728. What are the prime factors of b?
3, 61
Suppose 3*r - 102 + 33 = 0. List the prime factors of r.
23
Let w be (-2)/(-1) + (1 - -2). Suppose -5*y - 3*h = -22, 4*h = 2*y - w - 9. What are the prime factors of y?
5
Let u = 11 - 6. Suppose -4*z + 16 = 0, -6*z + 3*z + 7 = u*c. Let v = 2 - c. What are the prime factors of v?
3
Suppose -2*i + 174 = -122. List the prime factors of i.
2, 37
Suppose -2*j + 78 = 2*x, j + 4*j = 4*x + 168. List the prime factors of j.
2, 3
Let x(l) = -l + 7*l**2 - 7*l**2 + 15*l**2. Suppose -5*o = -3*w - 23, -o = w + 3*w. What are the prime factors of x(w)?
2
Suppose -5*x + 28 = 3*c, c = 6*c + 2*x - 15. Let r(g) = 3*g**2 - 1. Let f be r(c). Let v = 15 + f. What are the prime factors of v?
17
Let t = 16 + -5. Let z(y) = y**2 - 8*y + 2. List the prime factors of z(t).
5, 7
Let x be 7 - (-1 + 1 + -2). Suppose 0*j + 3*d + 3 = 3*j, -3*j - 3*d = x. What are the prime factors of 38/4 + j/(-2)?
2, 5
Let t = 5 - 4. Let o be (t + -64)/3 - -2. Let g = 29 + o. List the prime factors of g.
2, 5
Suppose 113 = 3*d + 3*k - 136, -4*k + 174 = 2*d. List the prime factors of d.
79
List the prime factors of 16*-3*1/(-2).
2, 3
Suppose c = -3*c + 48. Let w = c + -7. Suppose -w*g + 7 + 43 = 0. List the prime factors of g.
2, 5
Let y be -6*4/(-6)*1. Suppose 5*r - 2 = y*r. Suppose 0*o = r*o - 44. List the prime factors of o.
2, 11
Let a be 80/6 - 4/(-6). Suppose 3*i + a = v, 10*v - 5*v = 2*i + 31. Let c = v + 7. What are the prime factors of c?
2, 3
Suppose 4*a - 3*m = 178, -2*a - 2*m + 7*m = -82. Let k = -30 + a. What are the prime factors of k?
2
Let d(j) = -j**3 - 2*j**2 - 3*j - 4. What are the prime factors of d(-4)?
2, 5
Let l(h) be the first derivative of -3*h**2 - 2*h - 4. List the prime factors of l(-2).
2, 5
Let c(a) = 8*a - 12. Let o be c(9). Suppose -o + 9 = -3*g. List the prime factors of g.
17
Let d(s) = s + 12. What are the prime factors of d(0)?
2, 3
Let s = 2 + -4. What are the prime factors of (-12)/(-6*s/(-8))?
2
Suppose 3*o + 5*c - 7 = 0, 3*c = 2*c - 1. Suppose 0 = -o*l + 78 - 2. What are the prime factors of l?
19
Let n be 4 + -4 + (-2 - -6). Suppose n*w + 8 = 8*w. Suppose a + 4 = 0, -w*a = 7*i - 3*i - 16. What are the prime factors of i?
2, 3
Let j(m) = -m**3 + 7*m**2 + 6*m - 6. What are the prime factors of j(7)?
2, 3
Suppose 4*r - 384 = -2*z + 3*z, 4*r - 3*z - 392 = 0. What are the prime factors of r?
5, 19
Let h(b) = -2*b - 9. Let c be h(-6). Suppose -45 = c*d - 123. List the prime factors of d.
2, 13
Let n(u) = -4*u - 13. What are the prime factors of n(-14)?
43
Let o(i) be the third derivative of -i**6/120 + 11*i**5/60 + i**4/24 + i**3 - 9*i**2. What are the prime factors of o(11)?
17
Suppose -6 = 5*z - 31. Suppose -3 = q + v - z, 2*q - 2*v + 4 = 0. Suppose 5*h = 3*h - 4, x + 2*h = q. List the prime factors of x.
2
Suppose 16 = 3*s + 1. Suppose -s*w + 29 = 4. What are the prime factors of w?
5
Suppose 0*c - c = 1. Let w be c*(-30)/(-2 + 0). Let z = -2 - w. What are the prime factors of z?
13
Let w = 11 + 5. Let u = w - 27. Let i = 15 + u. List the prime factors of i.
2
Suppose 4*f = -0*f + 96. What are the prime factors of 5*f/(-45)*-6?
2
Suppose 5*p = 316 + 74. Let s = -48 + p. What are the prime factors of s?
2, 3, 5
Suppose -s + 15 = 5*f, -4*f + 6 = s - 6. Suppose -26 + f = -m. What are the prime factors of m?
23
Let d(x) = -x. Let h(p) = -p**2 + 4*p - 2. Let i be h(4). What are the prime factors of d(i)?
2
Let b(n) = -4*n + 2. Let t(j) = 3*j - 2. Let y(w) = -4*b(w) - 5*t(w). Let m be y(-2). What are the prime factors of m/(-1) - (-9 + 0)?
3
Suppose 0 = m + m - 24. Suppose 0 = 4*r - r + m. What are the prime factors of 165/25 - r/10?
7
Let z(o) = o**2 + o - 13. List the prime factors of z(8).
59
What are the prime factors of (-6 + 32 - 3)*(0 + 1)?
23
Let a(s) = -s**3 + 5*s**2 - 5*s + 5. Let f be a(4). Suppose f = r - 0. What are the prime factors of (-4)/((-12)/45) - r?
2, 7
Suppose -3*c = -7*l + 8*l - 306, 5*l - 2*c = 1496. List the prime factors of l.
2, 3, 5
Suppose -4*n + a = n - 78, -n + 27 = -4*a. Let f = n + 12. List the prime factors of f.
3
Let o(h) = -2*h**2 + 3*h. Let i be o(2). Let n be (2/(-3))/(i/6). Suppose -n*c + 2 = 3*g, 0*c + 18 = 5*c + g. List the prime factors of c.
2
Let k(v) = -v - 7. Let o be k(-10). Suppose -o*i = 2*i - 160. What are the prime factors of i?
2
Let b be (-8)/44 - (-24)/11. Suppose 0 = -5*v + j + b*j + 146, 5*v + j = 138. List the prime factors of v.
2, 7
Let o(b) = b**2 - 2*b. Let p(r) = r + 5. Let t be p(-7). Let u = -5 - t. What are the prime factors of o(u)?
3, 5
Suppose 0 = 5*r - 9*r - 48. What are the prime factors of (1 + (-45)/r)*12?
3, 19
Suppose -q = 2*q - 3*z, 2*q - 5*z + 15 = 0. Suppose q*g = 5, 5*g + 0*g = 3*t - 43. What are the prime factors of t?
2
Let n(g) = 2*g**2 - 8*g + 4. Let h be n(5). Let b = h + -12. What are the prime factors of b?
2
Suppose 58 + 7 = 5*o. Suppose 4*v + 2*k = 1 + 5, 5*v - 3*k = o. List the prime factors of v.
2
Suppose 0 = -k - 2*q + 10, -39 + 15 = -k + 5*q. List the prime factors of k.
2, 7
Suppose 0 = 2*r - q - 4*q + 19, 2*r - 1 = q. Suppose 4*m + 2*p = -4, -3*m + 2*m = p + r. What are the prime factors of 6/m*8/6?
2
Let u(g) = -2*g - 10. Let r be u(-5). Suppose 3*o - 36 - 51 = r. List the prime factors of o.
29
Suppose -o + 168 = -42. Suppose 6*v - v = o. What are the prime factors of v?
2, 3, 7
Suppose 0 = -0*r - 2*r + 10. Let n = 10 - r. List the prime factors of n.
5
Let b = -5 + 11. Suppose 4 + b = o. What are the prime factors of o?
2, 5
Suppose 2*u = 3*q, -2*q + 2 + 3 = -3*u. Let b = 2 + q. Suppose -4*v - 2 = 2*r - b*r, -v - 39 = -5*r. List the prime factors of r.
7
Let j(z) = z - 2. Suppose -4*b = 5*g - 26, 3*g = -0*b - b + 3. Let y = 18 - b. List the prime factors of j(y).
7
Suppose -21 + 0 = v. Let k = 2 - v. What are the prime factors of k?
23
Suppose -4 = -3*i + 8. Suppose 34 = 48*g - 47*g. Suppose i*y - g = 2. What are the prime factors of y?
3
Suppose 2*g - 29 = -a - 2*g, -2*a - 3*g = -33. Let x = 22 - a. What are the prime factors of x?
13
Let s = 6 + 2. Suppose 5 = l, l + s + 62 = 3*g. List the prime factors of g.
5
Suppose -2*y + f + 12 = 0, 2*y + y - 44 = -5*f. List the prime factors of y.
2
Let c = 2 + 2. Suppose c*w = 45 + 15. What are the prime factors of w?
3, 5
Let c = -6 + 16. What are the prime factors of c?
2, 5
Suppose 5 = n, 0*x + x - n + 2 = 0. Suppose x*d - 6 = 5*d, -d = 3*m + 3. Su